 = i**2 + 22*i + 48. Let s be t(-22). Let y(h) = 5*h**2 + 4. Let m be y(4). Calculate the highest common divisor of s and m.
12
Let r(b) = -2*b**2 + 224*b - 216. Let a be r(111). What is the highest common factor of a and 158?
2
Suppose 11*b + 126 = 25*b. Calculate the highest common divisor of b and 52.
1
Let t = 485 + 2056. What is the highest common factor of 484 and t?
121
Suppose -9*o + 90 = 3*t - 7*o, 5*o - 15 = 0. Let z be (-4)/t + (-426)/(-42). What is the greatest common factor of 5 and z?
5
Let o = 226 - 198. Suppose 0 = -21*g - 702 + 3936. What is the highest common divisor of g and o?
14
Let h be 58/3 + 8 + 154/(-21). Let i(j) = -j**2 + 31*j - 59. Let m be i(h). Calculate the highest common factor of 46 and m.
23
Suppose -2*t + p - 3 = -14, -9 = 2*t - 5*p. Suppose t*c - 21*c + 7956 = 0. Calculate the highest common factor of 18 and c.
18
Let p(v) = 10*v**2 - 137*v - 27. Let u be p(17). What is the highest common factor of u and 18?
6
Let h(v) = 5*v**2 + 32*v + 15. Let x be h(-6). What is the greatest common factor of 249 and x?
3
Let h(o) = 246*o**2 - 33*o - 33. Let m be h(13). Suppose 52*r - m = 8080. Calculate the greatest common divisor of 22 and r.
22
Let t = -44 + 38. Let h be 1/1*(5 + t + -2). Let q = 39 + h. What is the highest common divisor of q and 9?
9
Let h be -4 - (-4 - 9/3). Suppose 0 = 4*l - h*l - 4. Suppose r = 4*r - 3, l*c - 2*r - 14 = 0. Calculate the greatest common divisor of 8 and c.
4
Suppose 460*k - 51418 = 35924 - 13282. What is the highest common factor of k and 11753?
161
Suppose 25*j = 18*j + 11*j - 184. Calculate the greatest common factor of j and 6854.
46
Suppose -4*a + 5*a = 2*o + 67, -3*o = -6. Suppose a*h + 1104 = 77*h. Let s = 26 + -3. What is the greatest common factor of h and s?
23
Suppose -6808 + 1096 = -48*s. Calculate the greatest common divisor of 273 and s.
7
Let f = 1054 - 1038. What is the highest common divisor of 5392 and f?
16
Let m = -28 + 69. Let y = -33 + m. Let l = 0 + y. What is the greatest common factor of 12 and l?
4
Let z(l) = l**2 + 11*l. Let k be z(-7). Let v be (10 - -48)*(-2)/(-4). Let i = k + v. Calculate the greatest common factor of i and 4.
1
Suppose 0 = 4*x - 5*r - 1006, 5*x - 1264 = 6*r - 3*r. Let i = 9 + x. Let k = i + -159. What is the greatest common divisor of k and 8?
8
Suppose c - 49 = -4*c + 3*h, 2*c + 2*h = 26. Let u(f) = -2*f + 10. Let y be u(c). Let o be (4*1)/(y/6)*-7. Calculate the greatest common factor of 70 and o.
14
Suppose 5*s - 6 = 2*s. Let r be ((144/40)/6)/(21/350). What is the highest common divisor of r and s?
2
Let d(i) = -5*i**3 + 8*i**2 + 12*i + 55. Let b be d(-4). Suppose -6*f = 114 - 894. What is the greatest common divisor of f and b?
65
Let t be (-6154)/(-51) - 18/27. What is the highest common divisor of 1065 and t?
15
Let a = -439 - -529. Suppose 5*c - 3*h = 174, 5*h - a = -3*c + 2*h. Let j be -1 - (2 + -300 + 0). Calculate the greatest common divisor of j and c.
33
Suppose 15*c - 22973 + 1103 = -66*c. Calculate the greatest common divisor of c and 9855.
135
Let k be 2 + (82 - -17) + (-1 - 1). What is the greatest common divisor of k and 957?
33
Suppose -152*u = -60*u - 1656. Calculate the greatest common divisor of 1494 and u.
18
Let v = 2762 - 2751. What is the highest common factor of v and 1353?
11
Let w be ((-510)/(-25))/((-3)/(-20)). Suppose 17*j - 5*j = 108. Suppose j*r - w = r. Calculate the highest common divisor of 119 and r.
17
Let q(b) be the third derivative of b**5/15 + b**4/8 + b**3/3 - 31*b**2. Let z be q(-2). Let d = 91 - -5. What is the greatest common factor of z and d?
12
Let w(o) = -1690*o**3 - o**2 - 15*o - 40. Let h be w(-3). Calculate the highest common divisor of 14 and h.
14
Let u(x) = -2*x**2 - 59*x - 65. Let v be u(-28). Let p(h) = h**2 - 21*h + 55. Let q be p(v). What is the greatest common divisor of 119 and q?
17
Let o be -3 - (-7 + 20/(2 - -2)). Let t be (o - 5)/((-12)/216). Calculate the highest common divisor of 60 and t.
12
Suppose 0 = 3*l + 3, 2*l - 166 = 5*z - 6*z. Calculate the highest common divisor of 27216 and z.
168
Suppose 6*z + 2082 = 2100. What is the greatest common divisor of 2394 and z?
3
Suppose 67 = 3*z - 53. Suppose -2*h = -c - 257, -c = h - 138 + 11. Calculate the greatest common factor of z and h.
8
Let a(u) = 2*u + 1. Let g be a(-14). Let z = g + 51. Let h = -211 - -247. Calculate the greatest common factor of z and h.
12
Let i = 48789 - 48765. Calculate the highest common factor of 48 and i.
24
Suppose 32*q - 80*q + 250 = -43*q. Suppose 0*k - 5*k + 4*m = -37, 3*m = -2*k + 1. Let z be k - -7 - (1 - -1). Calculate the highest common divisor of q and z.
10
Let o(l) = 2*l**2 - 9*l + 18. Let a be o(6). Let j be 23064/80 + 6/(-20). Calculate the greatest common factor of a and j.
36
Let f = -24592 + 25465. What is the greatest common factor of 3977 and f?
97
Suppose 0 = -2918*f + 2928*f - 4000. Calculate the highest common divisor of f and 280.
40
Let r(i) = i**3 + 2*i**2 - 17*i - 6. Suppose 78*v - 60 = 73*v. Let j be (2 - -1)/(v/(-20)). Let w be r(j). What is the greatest common divisor of w and 10?
2
Suppose -3*k + 2911 = 5*u, -3*u = -4*u + 2*k + 564. Calculate the highest common divisor of u and 221.
17
Let p(g) = -2*g - 2. Let k be p(-13). Let c = -136 + 135. Let l be (c + -1)/(-6)*96. What is the highest common factor of k and l?
8
Suppose -l - 73 = -13. Let u = -57 - l. Suppose 2*g + g + u*d = 48, 0 = 5*g + 4*d - 81. What is the highest common divisor of 85 and g?
17
Suppose 875 = 3*n - 5*o, -12*n - 550 = -14*n - 5*o. Suppose -2472 + n = -9*a. What is the greatest common factor of 27 and a?
27
Let s(j) = -2*j**3 - 2*j**2 + 11*j - 4. Let p be s(-5). Let o = p + -53. Let c = 19 + -8. Calculate the greatest common factor of c and o.
11
Let t be 2/8 + (-1140)/(-48). Let z = t - -21. Suppose -6*v + 182 - 74 = 0. Calculate the greatest common factor of v and z.
9
Let n be (12 - 13)*(-5 + -2). Let p(m) = -m**2 + 18*m - 64. Let t be p(n). What is the greatest common divisor of t and 39?
13
Let q be -33*3/((-3)/7). Suppose 2*s = 2*i - 6, -i - 1 = -3*s - 0*s. Suppose 3*w - 105 = -s*w. Calculate the highest common factor of w and q.
21
Suppose w + 2 - 3 = m, 4*w = 4. Suppose m*v - 840 = -5*v. Calculate the greatest common divisor of v and 21.
21
Suppose 0 = -3*v + 4*i + 2746 + 5434, 0 = 3*v + 7*i - 8125. Calculate the highest common divisor of v and 720.
80
Let c = -106 - -111. Suppose -7*q - 46 = -8*q - 5*b, c*q = -b + 326. Calculate the greatest common divisor of q and 18.
6
Let k = -34 + 70. Let j(x) = -101*x + 12. Let b be j(1). Let p = b - -93. What is the greatest common factor of k and p?
4
Let x = 2386 - 2381. Suppose 84 = 2*q + q. Suppose -x*w = -152 - q. What is the greatest common divisor of w and 48?
12
Suppose -15*q + 1280 = 11*q - 22*q. Calculate the greatest common factor of q and 1088.
64
Suppose 56340 = 55*w + 48*w - 100*w. What is the highest common divisor of w and 5?
5
Let k be 26/(-30) - -1 - 813637/(-3435). What is the greatest common divisor of k and 2449?
79
Suppose -4*u + 572 = 2*c - 858, u - 5*c - 385 = 0. Calculate the greatest common divisor of u and 70.
10
Let k be -3*1 - (-4)/2. Let m = 0 - k. Suppose 9 = 3*y - 4*p, -3*y + 260 = p + 236. Calculate the highest common factor of m and y.
1
Let d(p) = -p**2 + 3*p + 2. Let i be d(3). Let t(j) = 75 - 5*j + 2*j - j**2 - 63. Let o be t(-5). What is the greatest common factor of i and o?
2
Let y(c) = 6*c**3 + 94*c**2 - 37*c - 73. Let n be y(-16). What is the greatest common divisor of 15757 and n?
7
Let x = 196 - 192. Let f be (0 - 3)/(806/(-200) + x). Calculate the greatest common factor of 80 and f.
20
Let v(b) = 14*b - 16. Let t be v(3). Let c = -256 + 373. Calculate the greatest common divisor of c and t.
13
Suppose -3*k - 224 = -7*k. Let h(p) = -4*p - 25. Let w(x) = -x. Let m(y) = -h(y) - 2*w(y). Let q be m(-3). Calculate the greatest common divisor of k and q.
7
Let k = 8223 - 7211. What is the highest common divisor of k and 2277?
253
Suppose -3*o = 3*k + 2*o - 2, -4*o = k + 4. Let f = 19 - k. Let z(g) = -g - 1. Let t be z(-4). What is the greatest common factor of t and f?
3
Let g = -13589 - -13669. What is the highest common divisor of 3380 and g?
20
Let v be (45/(-10))/(527/(-6380) - (-26)/377). Let o be 30 